{"id":684,"date":"2024-09-29T13:52:08","date_gmt":"2024-09-29T13:52:08","guid":{"rendered":"https:\/\/fit.org.ar\/app\/?post_type=tribe_events&#038;p=684"},"modified":"2024-09-29T13:52:08","modified_gmt":"2024-09-29T13:52:08","slug":"calidad-educacion-y-empleabilidad-en-la-intermediacion-de-servicios-turisticos","status":"publish","type":"tribe_events","link":"https:\/\/fit.org.ar\/app\/actividad\/calidad-educacion-y-empleabilidad-en-la-intermediacion-de-servicios-turisticos\/","title":{"rendered":"Calidad, Educaci\u00f3n y Empleabilidad en la intermediaci\u00f3n de servicios tur\u00edsticos"},"content":{"rendered":"<p>Disertantes: Mart\u00edn Invernizzi \u2013 CEO \u2013 Ricale Viajes, Natacha Steinberg \u2013 Directora general \u2013 Convivencia en la diversidad del GCBA, Ana In\u00e9s Maquieira \u2013 Directora \u2013 Ricale Academy y Marcelo Revichemprendedor egresado de Ricale Academy<\/p>\n","protected":false},"excerpt":{"rendered":"<p>Disertantes: Mart\u00edn Invernizzi \u2013 CEO \u2013 Ricale Viajes, Natacha Steinberg \u2013 Directora general \u2013 Convivencia en la diversidad del GCBA, Ana In\u00e9s Maquieira \u2013 Directora \u2013 Ricale Academy y Marcelo [&hellip;]<\/p>\n","protected":false},"author":1,"featured_media":0,"template":"","meta":{"_et_pb_use_builder":"","_et_pb_old_content":"","_et_gb_content_width":"","_tribe_events_status":"","_tribe_events_status_reason":"","footnotes":""},"tags":[],"tribe_events_cat":[63],"class_list":["post-684","tribe_events","type-tribe_events","status-publish","hentry","tribe_events_cat-conferencia","cat_conferencia"],"featured_image_src":"","ams_acf":[],"_links":{"self":[{"href":"https:\/\/fit.org.ar\/app\/wp-json\/wp\/v2\/tribe_events\/684","targetHints":{"allow":["GET"]}}],"collection":[{"href":"https:\/\/fit.org.ar\/app\/wp-json\/wp\/v2\/tribe_events"}],"about":[{"href":"https:\/\/fit.org.ar\/app\/wp-json\/wp\/v2\/types\/tribe_events"}],"author":[{"embeddable":true,"href":"https:\/\/fit.org.ar\/app\/wp-json\/wp\/v2\/users\/1"}],"version-history":[{"count":1,"href":"https:\/\/fit.org.ar\/app\/wp-json\/wp\/v2\/tribe_events\/684\/revisions"}],"predecessor-version":[{"id":685,"href":"https:\/\/fit.org.ar\/app\/wp-json\/wp\/v2\/tribe_events\/684\/revisions\/685"}],"wp:attachment":[{"href":"https:\/\/fit.org.ar\/app\/wp-json\/wp\/v2\/media?parent=684"}],"wp:term":[{"taxonomy":"post_tag","embeddable":true,"href":"https:\/\/fit.org.ar\/app\/wp-json\/wp\/v2\/tags?post=684"},{"taxonomy":"tribe_events_cat","embeddable":true,"href":"https:\/\/fit.org.ar\/app\/wp-json\/wp\/v2\/tribe_events_cat?post=684"}],"curies":[{"name":"wp","href":"https:\/\/api.w.org\/{rel}","templated":true}]}}

Calidad, Educación y Empleabilidad en la intermediación de servicios turísticos

<p>Disertantes: Martín Invernizzi – CEO – Ricale Viajes, Natacha Steinberg – Directora general – Convivencia en la diversidad del GCBA, Ana Inés Maquieira – Directora – Ricale Academy y Marcelo Revichemprendedor egresado de Ricale Academy</p>

<p>Disertantes: Martín Invernizzi – CEO – Ricale Viajes, Natacha Steinberg – Directora general – Convivencia en la diversidad del GCBA, Ana Inés Maquieira – Directora – Ricale Academy y Marcelo [&hellip;]</p>
