{"id":664,"date":"2024-09-29T13:32:49","date_gmt":"2024-09-29T13:32:49","guid":{"rendered":"https:\/\/fit.org.ar\/app\/?post_type=tribe_events&#038;p=664"},"modified":"2024-09-29T13:32:49","modified_gmt":"2024-09-29T13:32:49","slug":"eventos-y-certificaciones-en-sostenibilidad-avanzando-en-el-camino-de-turismo-sostenible","status":"publish","type":"tribe_events","link":"https:\/\/fit.org.ar\/app\/actividad\/eventos-y-certificaciones-en-sostenibilidad-avanzando-en-el-camino-de-turismo-sostenible\/","title":{"rendered":"Eventos y certificaciones en Sostenibilidad: avanzando en el camino de turismo sostenible"},"content":{"rendered":"<p>Disertantes: Helen Havrylets \u2013 Distinciones de sustentabilidad \u2013 Subsecretar\u00eda de Turismo de la Naci\u00f3n, Fernanda Rodr\u00edguez \u2013 Directora Ejecutiva \u2013 AOCA, Daniela Finocchiaro \u2013 Coordinadora del programa Hoteles M\u00e1s Verdes \u2013 AHT, Fabi\u00e1n Rom\u00e1n \u2013 CEO Biosphere Argentina \u2013 Biosphere, Lia Bechelli \u2013 Co creador de Espacio Turismo Sostenible \u2013 Bioferia y Andr\u00e9s Torregrosa \u2013 Content Specialist &amp; Communications Strategist \u2013 Turtech<\/p>\n","protected":false},"excerpt":{"rendered":"<p>Disertantes: Helen Havrylets \u2013 Distinciones de sustentabilidad \u2013 Subsecretar\u00eda de Turismo de la Naci\u00f3n, Fernanda Rodr\u00edguez \u2013 Directora Ejecutiva \u2013 AOCA, Daniela Finocchiaro \u2013 Coordinadora del programa Hoteles M\u00e1s Verdes [&hellip;]<\/p>\n","protected":false},"author":1,"featured_media":0,"template":"","meta":{"_et_pb_use_builder":"","_et_pb_old_content":"","_et_gb_content_width":"","_tribe_events_status":"","_tribe_events_status_reason":"","footnotes":""},"tags":[],"tribe_events_cat":[63],"class_list":["post-664","tribe_events","type-tribe_events","status-publish","hentry","tribe_events_cat-conferencia","cat_conferencia"],"featured_image_src":"","ams_acf":[],"_links":{"self":[{"href":"https:\/\/fit.org.ar\/app\/wp-json\/wp\/v2\/tribe_events\/664","targetHints":{"allow":["GET"]}}],"collection":[{"href":"https:\/\/fit.org.ar\/app\/wp-json\/wp\/v2\/tribe_events"}],"about":[{"href":"https:\/\/fit.org.ar\/app\/wp-json\/wp\/v2\/types\/tribe_events"}],"author":[{"embeddable":true,"href":"https:\/\/fit.org.ar\/app\/wp-json\/wp\/v2\/users\/1"}],"version-history":[{"count":1,"href":"https:\/\/fit.org.ar\/app\/wp-json\/wp\/v2\/tribe_events\/664\/revisions"}],"predecessor-version":[{"id":665,"href":"https:\/\/fit.org.ar\/app\/wp-json\/wp\/v2\/tribe_events\/664\/revisions\/665"}],"wp:attachment":[{"href":"https:\/\/fit.org.ar\/app\/wp-json\/wp\/v2\/media?parent=664"}],"wp:term":[{"taxonomy":"post_tag","embeddable":true,"href":"https:\/\/fit.org.ar\/app\/wp-json\/wp\/v2\/tags?post=664"},{"taxonomy":"tribe_events_cat","embeddable":true,"href":"https:\/\/fit.org.ar\/app\/wp-json\/wp\/v2\/tribe_events_cat?post=664"}],"curies":[{"name":"wp","href":"https:\/\/api.w.org\/{rel}","templated":true}]}}

<p>Disertantes: Helen Havrylets – Distinciones de sustentabilidad – Subsecretaría de Turismo de la Nación, Fernanda Rodríguez – Directora Ejecutiva – AOCA, Daniela Finocchiaro – Coordinadora del programa Hoteles Más Verdes – AHT, Fabián Román – CEO Biosphere Argentina – Biosphere, Lia Bechelli – Co creador de Espacio Turismo Sostenible – Bioferia y Andrés Torregrosa – Content Specialist &amp; Communications Strategist – Turtech</p>

<p>Disertantes: Helen Havrylets – Distinciones de sustentabilidad – Subsecretaría de Turismo de la Nación, Fernanda Rodríguez – Directora Ejecutiva – AOCA, Daniela Finocchiaro – Coordinadora del programa Hoteles Más Verdes [&hellip;]</p>
