{"id":28,"date":"2024-05-17T15:19:44","date_gmt":"2024-05-17T15:19:44","guid":{"rendered":"https:\/\/fit.org.ar\/app\/?page_id=28"},"modified":"2025-08-13T14:47:34","modified_gmt":"2025-08-13T14:47:34","slug":"beneficios","status":"publish","type":"page","link":"https:\/\/fit.org.ar\/app\/beneficios\/","title":{"rendered":"Beneficios"},"content":{"rendered":"<p>[et_pb_section fb_built=\u00bb1&#8243; fullwidth=\u00bbon\u00bb admin_label=\u00bbHero Section\u00bb _builder_version=\u00bb4.27.4&#8243; background_image=\u00bbhttps:\/\/fit.org.ar\/app\/wp-content\/uploads\/2025\/08\/DSC_2656-scaled-1.jpg\u00bb custom_padding=\u00bb|||\u00bb global_colors_info=\u00bb{}\u00bb locked=\u00bboff\u00bb][et_pb_fullwidth_header title=\u00bbBeneficios\u00bb button_one_url=\u00bb@ET-DC@eyJkeW5hbWljIjp0cnVlLCJjb250ZW50IjoicG9zdF9saW5rX3VybF9wYWdlIiwic2V0dGluZ3MiOnsicG9zdF9pZCI6IjIzMTE5MyJ9fQ==@\u00bb content_max_width=\u00bb900px\u00bb _builder_version=\u00bb4.27.4&#8243; _dynamic_attributes=\u00bbbutton_one_url\u00bb title_font=\u00bbRaleway|700|||||||\u00bb title_font_size=\u00bb50px\u00bb title_line_height=\u00bb1.4em\u00bb content_font=\u00bbPoppins||||||||\u00bb content_font_size=\u00bb16px\u00bb content_line_height=\u00bb1.8em\u00bb subhead_font=\u00bbPoppins|600||on|||||\u00bb subhead_letter_spacing=\u00bb4px\u00bb subhead_line_height=\u00bb1.8em\u00bb background_color=\u00bbrgba(126,190,197,0)\u00bb use_background_color_gradient=\u00bbon\u00bb background_color_gradient_direction=\u00bb90deg\u00bb background_color_gradient_stops=\u00bb#243666 26%|rgba(36,54,102,0.5) 75%\u00bb background_color_gradient_overlays_image=\u00bbon\u00bb background_color_gradient_start=\u00bb#000dff\u00bb background_color_gradient_start_position=\u00bb25%\u00bb background_color_gradient_end=\u00bbrgba(0,13,255,0.7)\u00bb background_color_gradient_end_position=\u00bb75%\u00bb custom_button_one=\u00bbon\u00bb button_one_text_size=\u00bb14px\u00bb button_one_bg_color=\u00bb#29cb8b\u00bb button_one_border_width=\u00bb12px\u00bb button_one_border_color=\u00bb#29cb8b\u00bb button_one_letter_spacing=\u00bb2px\u00bb button_one_font=\u00bbPoppins|600||on|||||\u00bb button_one_icon=\u00bb&#x24;||divi||400&#8243; custom_button_two=\u00bbon\u00bb button_two_text_size=\u00bb14px\u00bb button_two_text_color=\u00bb#29cb8b\u00bb button_two_bg_color=\u00bb#ffffff\u00bb button_two_border_width=\u00bb12px\u00bb button_two_border_color=\u00bb#ffffff\u00bb button_two_letter_spacing=\u00bb2px\u00bb button_two_font=\u00bbPoppins|600||on|||||\u00bb button_two_icon=\u00bb&#x24;||divi||400&#8243; custom_padding=\u00bb100px||100px||true\u00bb title_font_size_tablet=\u00bb40px\u00bb title_font_size_phone=\u00bb30px\u00bb title_font_size_last_edited=\u00bbon|desktop\u00bb content_font_size_last_edited=\u00bboff|desktop\u00bb subhead_font_size_tablet=\u00bb40px\u00bb subhead_font_size_phone=\u00bb30px\u00bb subhead_font_size_last_edited=\u00bboff|desktop\u00bb button_one_letter_spacing_hover=\u00bb2px\u00bb button_two_letter_spacing_hover=\u00bb2px\u00bb global_colors_info=\u00bb{}\u00bb button_one_text_size__hover_enabled=\u00bboff\u00bb button_two_text_size__hover_enabled=\u00bboff\u00bb button_one_text_color__hover_enabled=\u00bboff\u00bb button_two_text_color__hover_enabled=\u00bboff\u00bb button_one_border_width__hover_enabled=\u00bboff\u00bb button_two_border_width__hover_enabled=\u00bboff\u00bb button_one_border_color__hover_enabled=\u00bboff\u00bb button_two_border_color__hover_enabled=\u00bboff\u00bb button_one_border_radius__hover_enabled=\u00bboff\u00bb button_two_border_radius__hover_enabled=\u00bboff\u00bb button_one_letter_spacing__hover_enabled=\u00bbon\u00bb button_one_letter_spacing__hover=\u00bb2px\u00bb button_two_letter_spacing__hover_enabled=\u00bbon\u00bb button_two_letter_spacing__hover=\u00bb2px\u00bb button_one_bg_color__hover_enabled=\u00bboff\u00bb button_two_bg_color__hover_enabled=\u00bboff\u00bb][\/et_pb_fullwidth_header][\/et_pb_section][et_pb_section fb_built=\u00bb1&#8243; custom_padding_last_edited=\u00bboff|desktop\u00bb admin_label=\u00bbAbout Section\u00bb _builder_version=\u00bb4.16&#8243; module_alignment=\u00bbright\u00bb custom_padding=\u00bb2px||2px||true|false\u00bb custom_padding_tablet=\u00bb||120px|\u00bb global_colors_info=\u00bb{}\u00bb locked=\u00bboff\u00bb][et_pb_row column_structure=\u00bb1_3,1_3,1_3&#8243; disabled_on=\u00bboff|off|off\u00bb _builder_version=\u00bb4.27.0&#8243; _module_preset=\u00bbdefault\u00bb global_colors_info=\u00bb{}\u00bb][et_pb_column type=\u00bb1_3&#8243; _builder_version=\u00bb4.27.0&#8243; _module_preset=\u00bbdefault\u00bb global_colors_info=\u00bb{}\u00bb][et_pb_blurb title=\u00bb\u00a1Aerol\u00edneas Argentinas te lleva a la FIT! Obten\u00e9 hasta un 10% de Descuento\u00bb url=\u00bbhttps:\/\/www.aerolineas.com.ar\/fit\u00bb url_new_window=\u00bbon\u00bb image=\u00bbhttps:\/\/fit.org.ar\/app\/wp-content\/uploads\/2025\/08\/Aerolineas-Argentinas-1-1024&#215;434-1.jpg\u00bb _builder_version=\u00bb4.27.4&#8243; _module_preset=\u00bbdefault\u00bb header_font=\u00bbRaleway|800|||||||\u00bb header_text_color=\u00bb#000DFF\u00bb body_font=\u00bb&#8211;et_global_body_font||||||||\u00bb link_option_url=\u00bbAcceder al beneficio\u00bb global_colors_info=\u00bb{}\u00bb]<\/p>\n<div class=\"\">\n<p>Seg\u00fan la ciudad de origen de tu vuelo.\u202fC\u00f3mo comprar tu ticket con descuento:<br \/>1) Ingresar a:\u202f<a href=\"https:\/\/www.aerolineas.com.ar\/congresos\">https:\/\/www.aerolineas.com.ar\/congresos<\/a><br \/>2) Seleccionar el evento dentro del box \u00abCongresos y Eventos\u00bb\u202f image.png<br \/>3) Ingresar el C\u00f3digo del evento:\u202fFIT89\u202fpara que se aplique el descuento<\/p>\n<p>Condiciones de los descuentos:<\/p>\n<ol>\n<li>No v\u00e1lida para vuelos con otras compa\u00f1\u00edas ni rutas en c\u00f3digo compartido<\/li>\n<li>No v\u00e1lido para bases de tarifa que comiencen con A, V, N y E en cabotaje y V,A,R en vuelos regionales\/internacionales.<\/li>\n<li>Rigen las condiciones de la regulaci\u00f3n tarifaria vigente, correspondiente a la tarifa emitida<\/li>\n<li>El descuento se realiza sobre la tarifa (no aplica sobre cargos ni impuestos) y de acuerdo a la ciudad de origen del vuelo<\/li>\n<li>V\u00e1lido para el participante y un acompa\u00f1ante adulto<\/li>\n<li>Validez de viaje a partir de 3 dias previos hasta 3 dias posteriores a las fechas de realizaci\u00f3n del evento<\/li>\n<\/ol>\n<p>Aerol\u00edneas Argentinas\u202fotorga descuentos para volar a los participantes de los eventos en los que es \u00abTransportador Oficial\u00bb, como en la pr\u00f3xima edici\u00f3n de FIT. Si est\u00e1s interesado en recibir informaci\u00f3n sobre estos descuentos exclusivos, te dejamos un link para que te suscribas a su mailing <a href=\"https:\/\/www.aerolineas.com.ar\/registro-descuentos-eventos-congresos\">https:\/\/www.aerolineas.com.ar\/registro-descuentos-eventos-congresos <\/a><\/p>\n<p>Aerol\u00edneas Argentinas como Transportador Oficial no es\u202fresponsable de la organizaci\u00f3n, ejecuci\u00f3n o de cualquier otra actividad relacionada con el EVENTO.<\/p>\n<\/div>\n<p>[\/et_pb_blurb][et_pb_button button_url=\u00bbhttps:\/\/www.aerolineas.com.ar\/congresos\u00bb url_new_window=\u00bbon\u00bb button_text=\u00bbcomprar\u00bb button_alignment=\u00bbleft\u00bb _builder_version=\u00bb4.27.4&#8243; custom_button=\u00bbon\u00bb button_text_size=\u00bb14px\u00bb button_bg_color=\u00bb#29cb8b\u00bb button_border_width=\u00bb12px\u00bb button_border_color=\u00bb#29cb8b\u00bb button_letter_spacing=\u00bb2px\u00bb button_font=\u00bbPoppins|600||on|||||\u00bb button_icon=\u00bb&#x24;||divi||400&#8243; background_layout=\u00bbdark\u00bb animation_style=\u00bbslide\u00bb animation_direction=\u00bbtop\u00bb animation_intensity_slide=\u00bb20%\u00bb locked=\u00bboff\u00bb global_colors_info=\u00bb{}\u00bb button_text_size__hover_enabled=\u00bboff\u00bb button_one_text_size__hover_enabled=\u00bboff\u00bb button_two_text_size__hover_enabled=\u00bboff\u00bb button_text_color__hover_enabled=\u00bboff\u00bb button_one_text_color__hover_enabled=\u00bboff\u00bb button_two_text_color__hover_enabled=\u00bboff\u00bb button_border_width__hover_enabled=\u00bboff\u00bb button_one_border_width__hover_enabled=\u00bboff\u00bb button_two_border_width__hover_enabled=\u00bboff\u00bb button_border_color__hover_enabled=\u00bboff\u00bb button_one_border_color__hover_enabled=\u00bboff\u00bb button_two_border_color__hover_enabled=\u00bboff\u00bb button_border_radius__hover_enabled=\u00bboff\u00bb button_one_border_radius__hover_enabled=\u00bboff\u00bb button_two_border_radius__hover_enabled=\u00bboff\u00bb button_letter_spacing__hover_enabled=\u00bboff\u00bb button_one_letter_spacing__hover_enabled=\u00bboff\u00bb button_two_letter_spacing__hover_enabled=\u00bboff\u00bb button_bg_color__hover_enabled=\u00bboff\u00bb button_one_bg_color__hover_enabled=\u00bboff\u00bb button_two_bg_color__hover_enabled=\u00bboff\u00bb][\/et_pb_button][\/et_pb_column][et_pb_column type=\u00bb1_3&#8243; _builder_version=\u00bb4.27.0&#8243; _module_preset=\u00bbdefault\u00bb global_colors_info=\u00bb{}\u00bb][et_pb_blurb title=\u00bbDESIGN SUITES BUENOS AIRES\u00bb url=\u00bbhttps:\/\/www.argenta-tower.com.ar\/es\u00bb url_new_window=\u00bbon\u00bb image=\u00bbhttps:\/\/fit.org.ar\/app\/wp-content\/uploads\/2025\/08\/1709568236605_263974258-1024&#215;576-1.jpg\u00bb _builder_version=\u00bb4.27.4&#8243; _module_preset=\u00bbdefault\u00bb header_font=\u00bbRaleway|800|||||||\u00bb header_text_color=\u00bb#000DFF\u00bb body_font=\u00bb&#8211;et_global_body_font||||||||\u00bb link_option_url=\u00bbAcceder al beneficio\u00bb global_colors_info=\u00bb{}\u00bb]<\/p>\n<div class=\"\"><span>10% de descuento sobre las tarifas publicadas en <a href=\"http:\/\/www.designsuites.com\">www.designsuites.com <\/a><\/span><\/div>\n<div class=\"\"><span>Reservas: <a href=\"mailto:reservas.bsas@gruposolanas.com\">reservas.bsas@gruposolanas.com <\/a><\/span><\/div>\n<div class=\"\"><span>Movil +54 9 11 5887-5611<\/span><\/div>\n<div class=\"\"><span><\/span><\/div>\n<div class=\"\"><span><span><strong>Direcci\u00f3n:<\/strong> <\/span><\/span>TACUARI 243<\/div>\n<p>[\/et_pb_blurb][et_pb_button button_url=\u00bbhttps:\/\/www.designsuites.com\/buenos_aires.php\u00bb url_new_window=\u00bbon\u00bb button_text=\u00bbcomprar\u00bb button_alignment=\u00bbleft\u00bb _builder_version=\u00bb4.27.4&#8243; custom_button=\u00bbon\u00bb button_text_size=\u00bb14px\u00bb button_bg_color=\u00bb#29cb8b\u00bb button_border_width=\u00bb12px\u00bb button_border_color=\u00bb#29cb8b\u00bb button_letter_spacing=\u00bb2px\u00bb button_font=\u00bbPoppins|600||on|||||\u00bb button_icon=\u00bb&#x24;||divi||400&#8243; background_layout=\u00bbdark\u00bb animation_style=\u00bbslide\u00bb animation_direction=\u00bbtop\u00bb animation_intensity_slide=\u00bb20%\u00bb locked=\u00bboff\u00bb global_colors_info=\u00bb{}\u00bb button_text_size__hover_enabled=\u00bboff\u00bb button_one_text_size__hover_enabled=\u00bboff\u00bb button_two_text_size__hover_enabled=\u00bboff\u00bb button_text_color__hover_enabled=\u00bboff\u00bb button_one_text_color__hover_enabled=\u00bboff\u00bb button_two_text_color__hover_enabled=\u00bboff\u00bb button_border_width__hover_enabled=\u00bboff\u00bb button_one_border_width__hover_enabled=\u00bboff\u00bb button_two_border_width__hover_enabled=\u00bboff\u00bb button_border_color__hover_enabled=\u00bboff\u00bb button_one_border_color__hover_enabled=\u00bboff\u00bb button_two_border_color__hover_enabled=\u00bboff\u00bb button_border_radius__hover_enabled=\u00bboff\u00bb button_one_border_radius__hover_enabled=\u00bboff\u00bb button_two_border_radius__hover_enabled=\u00bboff\u00bb button_letter_spacing__hover_enabled=\u00bboff\u00bb button_one_letter_spacing__hover_enabled=\u00bboff\u00bb button_two_letter_spacing__hover_enabled=\u00bboff\u00bb button_bg_color__hover_enabled=\u00bboff\u00bb button_one_bg_color__hover_enabled=\u00bboff\u00bb button_two_bg_color__hover_enabled=\u00bboff\u00bb][\/et_pb_button][et_pb_blurb title=\u00bbHotel Almarena Puerto Retiro \u00bb url=\u00bbhttps:\/\/www.almarena.com.ar\/puerto-retiro\/promociones?gad_source=1&#038;gad_campaignid=21140358235&#038;gbraid=0AAAAAquaXXXW7EclDteX16Nto3HzWKs1c&#038;gclid=CjwKCAjw7_DEBhAeEiwAWKiCC1EWyPc3KPcmHPV1fN0snLMAWmI_MX_MY94vyhGuDRWY6gLyEYEZAxoCgFcQAvD_BwE\u00bb url_new_window=\u00bbon\u00bb image=\u00bbhttps:\/\/fit.org.ar\/app\/wp-content\/uploads\/2025\/08\/hero-ubicacion-1024&#215;576-1.webp\u00bb _builder_version=\u00bb4.27.4&#8243; _module_preset=\u00bbdefault\u00bb header_font=\u00bbRaleway|800|||||||\u00bb header_text_color=\u00bb#000DFF\u00bb body_font=\u00bb&#8211;et_global_body_font||||||||\u00bb link_option_url=\u00bbAcceder al beneficio\u00bb global_colors_info=\u00bb{}\u00bb]<\/p>\n<div class=\"\">\n<p><span><span>Habitaci\u00f3n Studio Standard<\/span><\/span><\/p>\n<div class=\"Qr7Oae\" role=\"listitem\">\n<div class=\"OxAavc NVbRL\" jsname=\"ibnC6b\" jscontroller=\"rDGJeb\" jsaction=\"sPvj8e:e4JwSe,Dlbleb;O22p3e:e4JwSe,F0zejc;\" data-item-id=\"608131474\">\n<div class=\"xMZTse Ih4Dzb\">\n<div class=\"Mh5jwe JqSWld yqQS1\" aria-describedby=\"c82\" aria-label=\"Valor por noche o descuento aplicado sobre tarifa\" aria-disabled=\"true\" role=\"textbox\" tabindex=\"0\">USD 80+ IMPUESTOS<br \/><strong>Direcci\u00f3n:<\/strong> <span>Mayor Arturo Luisoni 2510, C1104 Cdad. Aut\u00f3noma de Buenos Aires<\/span><\/div>\n<\/div>\n<\/div>\n<\/div>\n<\/div>\n<p>[\/et_pb_blurb][et_pb_button button_url=\u00bbhttps:\/\/www.almarena.com.ar\/puerto-retiro\u00bb url_new_window=\u00bbon\u00bb button_text=\u00bbcomprar\u00bb button_alignment=\u00bbleft\u00bb _builder_version=\u00bb4.27.4&#8243; custom_button=\u00bbon\u00bb button_text_size=\u00bb14px\u00bb button_bg_color=\u00bb#29cb8b\u00bb button_border_width=\u00bb12px\u00bb button_border_color=\u00bb#29cb8b\u00bb button_letter_spacing=\u00bb2px\u00bb button_font=\u00bbPoppins|600||on|||||\u00bb button_icon=\u00bb&#x24;||divi||400&#8243; background_layout=\u00bbdark\u00bb animation_style=\u00bbslide\u00bb animation_direction=\u00bbtop\u00bb animation_intensity_slide=\u00bb20%\u00bb locked=\u00bboff\u00bb global_colors_info=\u00bb{}\u00bb button_text_size__hover_enabled=\u00bboff\u00bb button_one_text_size__hover_enabled=\u00bboff\u00bb button_two_text_size__hover_enabled=\u00bboff\u00bb button_text_color__hover_enabled=\u00bboff\u00bb button_one_text_color__hover_enabled=\u00bboff\u00bb button_two_text_color__hover_enabled=\u00bboff\u00bb button_border_width__hover_enabled=\u00bboff\u00bb button_one_border_width__hover_enabled=\u00bboff\u00bb button_two_border_width__hover_enabled=\u00bboff\u00bb button_border_color__hover_enabled=\u00bboff\u00bb button_one_border_color__hover_enabled=\u00bboff\u00bb button_two_border_color__hover_enabled=\u00bboff\u00bb button_border_radius__hover_enabled=\u00bboff\u00bb button_one_border_radius__hover_enabled=\u00bboff\u00bb button_two_border_radius__hover_enabled=\u00bboff\u00bb button_letter_spacing__hover_enabled=\u00bboff\u00bb button_one_letter_spacing__hover_enabled=\u00bboff\u00bb button_two_letter_spacing__hover_enabled=\u00bboff\u00bb button_bg_color__hover_enabled=\u00bboff\u00bb button_one_bg_color__hover_enabled=\u00bboff\u00bb button_two_bg_color__hover_enabled=\u00bboff\u00bb][\/et_pb_button][et_pb_blurb title=\u00bbAlmarena Madero Urbano, Affiliated by Meli\u00e1\u00bb url=\u00bbhttps:\/\/www.melia.com\/en\/hotels\/argentina\/buenos-aires\/almarena-madero-urbano-affiliated-by-melia?esl-k=sem-google%7Cng%7Cc753989469984%7Cme%7Ckalmarena%20madero%20urbano%20affiliated%20by%20meli%C3%A1%7Cp%7Ct%7Cdc%7Ca179491568306%7Cg14757093819&#038;gclsrc=aw.ds&#038;&#038;gad_source=1&#038;gad_campaignid=14757093819&#038;gbraid=0AAAAADjC5K2AW2gneMLQ8DRzMPUBtIw9A&#038;gclid=CjwKCAjw7_DEBhAeEiwAWKiCC0wQWrM1q2vAn2ufa7Wk4faP&#8211;j_JRA2pZMSGcZf13acx2qJXQmJzhoCbKMQAvD_BwE\u00bb url_new_window=\u00bbon\u00bb image=\u00bbhttps:\/\/dam.melia.com\/melia\/file\/RDDFaANU9txASWRHvpiH.jpg?fp=2150.0,1433.5&#038;width=2000&#038;height=1333&#8243; _builder_version=\u00bb4.27.4&#8243; _module_preset=\u00bbdefault\u00bb header_font=\u00bbRaleway|800|||||||\u00bb header_text_color=\u00bb#000DFF\u00bb body_font=\u00bb&#8211;et_global_body_font||||||||\u00bb link_option_url=\u00bbAcceder al beneficio\u00bb global_colors_info=\u00bb{}\u00bb]<\/p>\n<div class=\"\">\n<p><span>Habitaci\u00f3n Standard Studio single\/doble<\/span><\/p>\n<div class=\"Qr7Oae\" role=\"listitem\">\n<div class=\"OxAavc NVbRL\" jsname=\"ibnC6b\" jscontroller=\"rDGJeb\" jsaction=\"sPvj8e:e4JwSe,Dlbleb;O22p3e:e4JwSe,F0zejc;\" data-item-id=\"608131474\">\n<div class=\"xMZTse Ih4Dzb\">\n<div class=\"Mh5jwe JqSWld yqQS1\" aria-describedby=\"c98\" aria-label=\"Valor por noche o descuento aplicado sobre tarifa\" aria-disabled=\"true\" role=\"textbox\" tabindex=\"0\">USD 99 + IMPUESTOS POR NOCHE<\/div>\n<\/div>\n<\/div>\n<\/div>\n<p><span><\/span><\/p>\n<div class=\"Qr7Oae\" role=\"listitem\">\n<div class=\"OxAavc NVbRL\" jsname=\"ibnC6b\" jscontroller=\"rDGJeb\" jsaction=\"sPvj8e:e4JwSe,Dlbleb;O22p3e:e4JwSe,F0zejc;\" data-item-id=\"608131474\">\n<div class=\"xMZTse Ih4Dzb\">\n<div class=\"Mh5jwe JqSWld yqQS1\" aria-describedby=\"c82\" aria-label=\"Valor por noche o descuento aplicado sobre tarifa\" aria-disabled=\"true\" role=\"textbox\" tabindex=\"0\"><\/div>\n<\/div>\n<\/div>\n<\/div>\n<\/div>\n<p>[\/et_pb_blurb][et_pb_button button_url=\u00bbhttps:\/\/www.melia.com\/en\/hotels\/argentina\/buenos-aires\/almarena-madero-urbano-affiliated-by-melia?esl-k=sem-google%7Cng%7Cc753989469984%7Cme%7Ckalmarena%20madero%20urbano%20affiliated%20by%20meli%C3%A1%7Cp%7Ct%7Cdc%7Ca179491568306%7Cg14757093819&#038;gclsrc=aw.ds&#038;&#038;gad_source=1&#038;gad_campaignid=14757093819&#038;gbraid=0AAAAADjC5K2AW2gneMLQ8DRzMPUBtIw9A&#038;gclid=CjwKCAjw7_DEBhAeEiwAWKiCC0wQWrM1q2vAn2ufa7Wk4faP&#8211;j_JRA2pZMSGcZf13acx2qJXQmJzhoCbKMQAvD_BwE\u00bb url_new_window=\u00bbon\u00bb button_text=\u00bbcomprar\u00bb button_alignment=\u00bbleft\u00bb _builder_version=\u00bb4.27.4&#8243; custom_button=\u00bbon\u00bb button_text_size=\u00bb14px\u00bb button_bg_color=\u00bb#29cb8b\u00bb button_border_width=\u00bb12px\u00bb button_border_color=\u00bb#29cb8b\u00bb button_letter_spacing=\u00bb2px\u00bb button_font=\u00bbPoppins|600||on|||||\u00bb button_icon=\u00bb&#x24;||divi||400&#8243; background_layout=\u00bbdark\u00bb animation_style=\u00bbslide\u00bb animation_direction=\u00bbtop\u00bb animation_intensity_slide=\u00bb20%\u00bb locked=\u00bboff\u00bb global_colors_info=\u00bb{}\u00bb button_text_size__hover_enabled=\u00bboff\u00bb button_one_text_size__hover_enabled=\u00bboff\u00bb button_two_text_size__hover_enabled=\u00bboff\u00bb button_text_color__hover_enabled=\u00bboff\u00bb button_one_text_color__hover_enabled=\u00bboff\u00bb button_two_text_color__hover_enabled=\u00bboff\u00bb button_border_width__hover_enabled=\u00bboff\u00bb button_one_border_width__hover_enabled=\u00bboff\u00bb button_two_border_width__hover_enabled=\u00bboff\u00bb button_border_color__hover_enabled=\u00bboff\u00bb button_one_border_color__hover_enabled=\u00bboff\u00bb button_two_border_color__hover_enabled=\u00bboff\u00bb button_border_radius__hover_enabled=\u00bboff\u00bb button_one_border_radius__hover_enabled=\u00bboff\u00bb button_two_border_radius__hover_enabled=\u00bboff\u00bb button_letter_spacing__hover_enabled=\u00bboff\u00bb button_one_letter_spacing__hover_enabled=\u00bboff\u00bb button_two_letter_spacing__hover_enabled=\u00bboff\u00bb button_bg_color__hover_enabled=\u00bboff\u00bb button_one_bg_color__hover_enabled=\u00bboff\u00bb button_two_bg_color__hover_enabled=\u00bboff\u00bb][\/et_pb_button][\/et_pb_column][et_pb_column type=\u00bb1_3&#8243; _builder_version=\u00bb4.27.0&#8243; _module_preset=\u00bbdefault\u00bb global_colors_info=\u00bb{}\u00bb][et_pb_blurb title=\u00bbHertz Argentina Rent a Car\u00bb url=\u00bbhttps:\/\/www.hertz.com.ar\/alquiler-de-autos\/buenos-aires?pickup_date=2025-08-13&#038;return_date=2025-08-14&#8243; url_new_window=\u00bbon\u00bb image=\u00bbhttps:\/\/fit.org.ar\/app\/wp-content\/uploads\/2025\/08\/65a030955dc49-1024&#215;685-1.jpg\u00bb _builder_version=\u00bb4.27.4&#8243; _module_preset=\u00bbdefault\u00bb header_font=\u00bbRaleway|800|||||||\u00bb header_text_color=\u00bb#000DFF\u00bb body_font=\u00bb&#8211;et_global_body_font||||||||\u00bb link_option_url=\u00bbAcceder al beneficio\u00bb global_colors_info=\u00bb{}\u00bb]<\/p>\n<div class=\"\"><span>30% OFF en la tarifa diaria del alquiler de auto en nuestras oficinas de Buenos Aires desde el 25\/9 al 1\/10 (no incluye adicionales, combustible, coberturas, etc.)<\/span><\/div>\n<p>[\/et_pb_blurb][et_pb_button button_url=\u00bbhttps:\/\/www.hertz.com.ar\/alquiler-de-autos\/buenos-aires?pickup_date=2025-08-13&#038;return_date=2025-08-14&#8243; url_new_window=\u00bbon\u00bb button_text=\u00bbreservar\u00bb button_alignment=\u00bbleft\u00bb _builder_version=\u00bb4.27.4&#8243; custom_button=\u00bbon\u00bb button_text_size=\u00bb14px\u00bb button_bg_color=\u00bb#29cb8b\u00bb button_border_width=\u00bb12px\u00bb button_border_color=\u00bb#29cb8b\u00bb button_letter_spacing=\u00bb2px\u00bb button_font=\u00bbPoppins|600||on|||||\u00bb button_icon=\u00bb&#x24;||divi||400&#8243; background_layout=\u00bbdark\u00bb animation_style=\u00bbslide\u00bb animation_direction=\u00bbtop\u00bb animation_intensity_slide=\u00bb20%\u00bb locked=\u00bboff\u00bb global_colors_info=\u00bb{}\u00bb button_text_size__hover_enabled=\u00bboff\u00bb button_one_text_size__hover_enabled=\u00bboff\u00bb button_two_text_size__hover_enabled=\u00bboff\u00bb button_text_color__hover_enabled=\u00bboff\u00bb button_one_text_color__hover_enabled=\u00bboff\u00bb button_two_text_color__hover_enabled=\u00bboff\u00bb button_border_width__hover_enabled=\u00bboff\u00bb button_one_border_width__hover_enabled=\u00bboff\u00bb button_two_border_width__hover_enabled=\u00bboff\u00bb button_border_color__hover_enabled=\u00bboff\u00bb button_one_border_color__hover_enabled=\u00bboff\u00bb button_two_border_color__hover_enabled=\u00bboff\u00bb button_border_radius__hover_enabled=\u00bboff\u00bb button_one_border_radius__hover_enabled=\u00bboff\u00bb button_two_border_radius__hover_enabled=\u00bboff\u00bb button_letter_spacing__hover_enabled=\u00bboff\u00bb button_one_letter_spacing__hover_enabled=\u00bboff\u00bb button_two_letter_spacing__hover_enabled=\u00bboff\u00bb button_bg_color__hover_enabled=\u00bboff\u00bb button_one_bg_color__hover_enabled=\u00bboff\u00bb button_two_bg_color__hover_enabled=\u00bboff\u00bb][\/et_pb_button][\/et_pb_column][\/et_pb_row][\/et_pb_section]<\/p>\n","protected":false},"excerpt":{"rendered":"<p>Seg\u00fan la ciudad de origen de tu vuelo.\u202fC\u00f3mo comprar tu ticket con descuento:1) Ingresar a:\u202fhttps:\/\/www.aerolineas.com.ar\/congresos2) Seleccionar el evento dentro del box \u00abCongresos y Eventos\u00bb\u202f image.png3) Ingresar el C\u00f3digo del evento:\u202fFIT89\u202fpara [&hellip;]<\/p>\n","protected":false},"author":1,"featured_media":0,"parent":0,"menu_order":0,"comment_status":"closed","ping_status":"closed","template":"","meta":{"_et_pb_use_builder":"on","_et_pb_old_content":"","_et_gb_content_width":"","footnotes":""},"class_list":["post-28","page","type-page","status-publish","hentry"],"ams_acf":[],"_links":{"self":[{"href":"https:\/\/fit.org.ar\/app\/wp-json\/wp\/v2\/pages\/28","targetHints":{"allow":["GET"]}}],"collection":[{"href":"https:\/\/fit.org.ar\/app\/wp-json\/wp\/v2\/pages"}],"about":[{"href":"https:\/\/fit.org.ar\/app\/wp-json\/wp\/v2\/types\/page"}],"author":[{"embeddable":true,"href":"https:\/\/fit.org.ar\/app\/wp-json\/wp\/v2\/users\/1"}],"replies":[{"embeddable":true,"href":"https:\/\/fit.org.ar\/app\/wp-json\/wp\/v2\/comments?post=28"}],"version-history":[{"count":6,"href":"https:\/\/fit.org.ar\/app\/wp-json\/wp\/v2\/pages\/28\/revisions"}],"predecessor-version":[{"id":766,"href":"https:\/\/fit.org.ar\/app\/wp-json\/wp\/v2\/pages\/28\/revisions\/766"}],"wp:attachment":[{"href":"https:\/\/fit.org.ar\/app\/wp-json\/wp\/v2\/media?parent=28"}],"curies":[{"name":"wp","href":"https:\/\/api.w.org\/{rel}","templated":true}]}}